n divisor of c and 10.
10
Let w = -9 - -11. Calculate the greatest common factor of w and 22.
2
Suppose -4*x + 16 = 0, -29 = -3*m - 0*m - 5*x. Calculate the highest common factor of m and 9.
3
Suppose -90 = -4*f - f. Let a be (36/3)/(-1 - -3). Calculate the greatest common divisor of f and a.
6
Let b(r) be the third derivative of -r**4/2 + r**3/6 - 4*r**2. Let c be b(-2). What is the greatest common factor of 5 and c?
5
Let q be (-144)/(-108)*(1 - (-1)/2). Calculate the highest common factor of q and 22.
2
Let n(y) = 2*y - 5. Let w be n(-6). Suppose -5*j + 98 + 7 = 0. Let z = j - w. Calculate the highest common factor of 19 and z.
19
Suppose 40 = z + 5*y, -2*z - y = -0*y - 62. Let c be (-2)/(-6) + z/18. Calculate the greatest common divisor of c and 4.
2
Let x(z) = -z**2 - 7*z + 3. Let h be x(-7). Suppose n = f - 2, -3*f + h*n + 16 = 2*n. Calculate the highest common divisor of 63 and f.
7
Let q(p) = -p**3 + 6*p**2 - 5. Suppose 0*f + 4*o = -2*f + 26, -3*f = 3*o - 27. Let l be q(f). Calculate the highest common divisor of l and 50.
10
Suppose -22 = -2*c + 56. What is the greatest common divisor of c and 273?
39
Suppose 2*l - 8*l = 18. Let x(b) = 5*b**2 - b + 7. Let p be x(l). What is the greatest common factor of 22 and p?
11
Let f(o) = 6*o**2 - 4*o + 1. Let d be f(1). Let l be 26 - 4/(-6)*-3. Calculate the highest common factor of d and l.
3
Let s be 224/3*(8 + -5). Calculate the greatest common factor of 16 and s.
16
Let g be (-37)/(-7) - 2/7. Let x(w) = g - 27*w**2 - 4 + 71*w**2. Let n be x(-1). Calculate the greatest common divisor of n and 9.
9
Let t be ((-20)/(1 + 1))/(-2). Suppose 0 = v + 2, -t*v = 2*a - 0*v - 24. Calculate the highest common factor of 85 and a.
17
Suppose 0 = 4*w + n - 191, -3*w + w + 5*n = -101. Calculate the greatest common divisor of w and 16.
16
Suppose x - 3*g = 41 + 139, -4*x + g = -764. Suppose 5*m = 4*q + x, 0*q - 4 = -2*q. Calculate the highest common divisor of m and 20.
20
Let u(q) = -q**3 - q**2 + q + 52. Let s be u(0). Calculate the highest common divisor of s and 39.
13
Let c be (-1)/(-1) + -1 + -18. Let s = c + 29. Let p = s - 8. Calculate the greatest common divisor of 12 and p.
3
Let f be ((-15)/4)/((-1)/4). Calculate the greatest common divisor of 5 and f.
5
Suppose -6*w = -5*w - 15. Let c be ((-8)/12)/((-10)/w). What is the greatest common divisor of 9 and c?
1
Let o be -28*1/(8/36). Let q = -76 - o. Suppose 2*k + 0*k + 88 = 4*n, -3*k + 88 = 5*n. Calculate the highest common divisor of n and q.
10
Suppose -96 = 4*c - 7*c. Suppose -3*s + 29 = 3*f - 4*f, -5*s + 65 = -5*f. Calculate the greatest common factor of c and s.
8
Suppose -14*o + 19*o - 53 = -4*j, -2*o - j = -20. Let c = 137 + -65. What is the greatest common divisor of c and o?
9
Suppose t = g - 4*g - 6, g = -2. Suppose -3*i + 15 = -t. Calculate the greatest common factor of i and 10.
5
Let y(k) = -7*k - 8. Let t be y(-6). Let s be (-8)/12 - t/(-6). Suppose -s*n - 4*g = -29, 4*g - 11 = -3*n - 0*n. What is the greatest common factor of n and 3?
3
Suppose 3*o = 4 + 53. Suppose -o = -3*b + 77. What is the greatest common divisor of 48 and b?
16
Let q(h) = 2*h - 1. Let p be q(2). Suppose -p*c + 5 = -22. Let y be (((-9)/2)/(-3))/((-8)/(-96)). What is the highest common divisor of y and c?
9
Let c = 116 - 66. Let y be ((120/14)/3)/(6/21). Calculate the highest common factor of c and y.
10
Suppose -m = -2*l + 16 + 5, -2*l + 31 = -3*m. Let p = 144 + -60. Let r = p + -52. Calculate the highest common factor of l and r.
8
Let k = 145 - 85. Let r be 3/(-5) + (-348)/(-30). Let f(s) = s**2 - 10*s + 1. Let m be f(r). What is the highest common factor of m and k?
12
Let d(w) = w**2 + 14*w + 24. Let l be d(-13). Calculate the highest common divisor of l and 1.
1
Suppose 0 = -2*l - 33 + 99. Suppose 5*x - 2*x + 186 = 5*g, x = -2*g + 81. Let p = g + l. What is the greatest common factor of p and 8?
8
Let n(q) = 169*q**2 - 4*q + 3. Let s be n(1). Calculate the greatest common divisor of s and 21.
21
Let g = 936 - 657. What is the greatest common factor of g and 31?
31
Suppose -6*p + 2*p - 8 = 0, -92 = -3*o + p. Suppose -100 = -2*r - 3*r. What is the greatest common factor of o and r?
10
Suppose -1 = -2*j + 1, 0 = -5*l - 5*j + 35. Let g be (6/4)/(1/l). Suppose 2*k - 5*c - g = 4, 3*k - 4*c - 37 = 0. What is the highest common factor of 95 and k?
19
Let z(r) be the second derivative of 13*r**3/3 - r**2/2 - r. Suppose 2*t - 8 = -2*t. Let m be z(t). Calculate the highest common divisor of 34 and m.
17
Let w be 16*((-4)/16 - -1). Let h = w + 1. What is the greatest common factor of h and 143?
13
Suppose s - 56 = 5*y, 2*s = 3*y + 44 + 40. Calculate the greatest common factor of s and 54.
18
Suppose 4*o + 6 = 14. What is the highest common divisor of 5 and o?
1
Let r be (36 + 14)*6/4. Calculate the highest common factor of 25 and r.
25
Let n = 47 - 27. Suppose -2*o + n = -0*o. Calculate the greatest common factor of o and 10.
10
Let g = -4 + 8. Suppose 0 = 6*y - 2*y - 528. Suppose -3*x + 2*p = -162, 136 + y = 5*x - g*p. What is the highest common factor of 14 and x?
14
Suppose 4*i - 95 = -i. What is the highest common factor of i and 57?
19
Let j be 2/3*165/1. Suppose -2 = 2*a - j. Suppose 0 = -2*b + 4*l + 16, 2*l + 3 = 4*b - 23. Calculate the highest common divisor of b and a.
6
Let a(l) be the third derivative of 4*l**5/15 + 6*l**2. Let i be a(-1). What is the highest common divisor of 40 and i?
8
Let s = -25 - -115. Calculate the greatest common divisor of s and 10.
10
Suppose j - y = 2*y + 42, -2*j - 5*y + 51 = 0. Calculate the highest common factor of j and 3.
3
Let j be (2 - 1) + (-2 - -2). Let r be (4 + (-6)/2)*j. Calculate the greatest common divisor of 7 and r.
1
Suppose -v - n + 11 = 0, 2*v + n + 4*n = 19. Suppose 5*o + 0 + 5 = 0, 2*o - 46 = -4*c. Calculate the highest common factor of c and v.
12
Suppose 4*u - 22 = 2*i - 4*i, -i + 11 = -5*u. Let d = 1 + -1. Let r be (1 - d)/(1/i). Calculate the highest common divisor of r and 121.
11
Suppose -4*n - 3*d + 95 = -4*d, -d + 25 = n. What is the highest common factor of 264 and n?
24
Let p(b) = 4*b + 20. Let a be p(10). What is the highest common factor of 15 and a?
15
Let q be (-1 + 0)/((-2)/30). Let j = 26 + -16. Calculate the greatest common divisor of q and j.
5
Suppose 4*h - 29 - 23 = 0. Calculate the highest common divisor of 104 and h.
13
Suppose 0 = 4*x + 4*d - 236, 0*x + 3*d - 49 = -x. Calculate the highest common divisor of 160 and x.
32
Let g be (-4)/(-6) + (-560)/(-24). What is the highest common factor of 8 and g?
8
Suppose 22 = 3*q - u, 0 = 4*q - u - 29 - 2. Calculate the highest common factor of q and 81.
9
Let a(n) be the first derivative of -2*n**4 - 2*n**3/3 + n + 3. Let w be a(-1). What is the highest common divisor of w and 49?
7
Suppose 0 = 2*f - 0*f - 6. Suppose 3*y + 5*a - 70 = 4*a, -y + a = -26. Calculate the highest common factor of y and f.
3
Suppose -5*i + 36 = 3*r, 4*r + 2*i = 6*r - 8. Let s = r - -14. Suppose 0 = 7*d - 140 - 7. Calculate the greatest common factor of d and s.
21
Suppose 5 = -4*b - 3. Let d be (-2)/(-1)*(-1)/(-2). Let h be 2*4 + d - b. What is the highest common divisor of h and 1?
1
Let m(s) = 31*s - 7. Let k be m(2). What is the greatest common factor of k and 11?
11
Suppose -h - 1 = -2. Let x = h + -2. Let t be (x + 5)*(-3)/(-2). Calculate the highest common divisor of 12 and t.
6
Let l(q) = q**3 - q. Let g be l(1). Suppose 3*o = -3*v + 3, g*o = -4*o - 20. Let a = v + 203. What is the greatest common divisor of 19 and a?
19
Let w(h) = h**3 + 14*h**2 + 3*h - 7. Let b be w(-10). What is the greatest common divisor of b and 33?
33
Suppose -175 = -17*a + 16*a. What is the greatest common divisor of 25 and a?
25
Suppose -m + 4 = 0, m - 68 = -3*r + 2*r. What is the highest common divisor of 24 and r?
8
Suppose l + 19 = 25. Calculate the greatest common factor of l and 4.
2
Let c(h) = h**3 - 5*h**2 + 4. Let z be c(5). Suppose -31 = -4*t + 9. What is the greatest common factor of z and t?
2
Suppose -153 = 2*m - 409. Suppose -80 = -5*r - 0*r. Calculate the highest common factor of r and m.
16
Let j = 84 + -13. Let b be (-9)/(-3) + j + 3. Calculate the highest common divisor of b and 7.
7
Suppose v + 1 = 0, r - v + 6*v = -7. Let m = r - -2. Suppose m*w = w - 4. Calculate the